st common factor of 260 and s.
13
Suppose -k + 1 + 11 = -3*n, 5*k - 6 = -3*n. Suppose -k*c = c. Suppose 0 = -a - c*a + 81. Calculate the greatest common divisor of 9 and a.
9
Let c be (-18)/3 + 1078/98. Let j(w) = -w**3 - w**2 + w + 35. Let k be j(0). What is the highest common divisor of c and k?
5
Let r be (1/(-4))/((-3)/348). What is the highest common factor of 522 and r?
29
Let u(j) = j**3 + 2*j**2 - j. Suppose 0 = -3*v + 7*v - 4. Let a be u(v). Suppose -35 = -a*f + f. What is the highest common factor of 14 and f?
7
Suppose -21 = 10*f - 21. Let t be (f - 5)/(-1) + 0. Calculate the greatest common factor of t and 5.
5
Let j(l) = 29*l**2 + 2*l - 1. Let t be j(1). Let b = -112 - -217. Calculate the highest common factor of b and t.
15
Suppose 14*c - 522 - 248 = 0. Calculate the highest common factor of c and 88.
11
Let i be -1*(-4)/12*0. Suppose 3*d + 5*y + 87 = i, 5*d + 3*y - y = -145. Let w = d + 35. Calculate the greatest common factor of w and 6.
6
Let b be ((-77)/(-3))/((-16 - -17)/12). What is the highest common divisor of 16 and b?
4
Suppose -4*b + 145 - 105 = 0. Let n be -4*b/(-16)*2. What is the highest common factor of 20 and n?
5
Let k = -676 + 728. Calculate the greatest common factor of 10 and k.
2
Let l(f) = -f + 15. Let a be l(7). Suppose a - 48 = -5*j. Let d = -7 + 39. Calculate the greatest common divisor of j and d.
8
Let d(h) = h**2 + 6*h - 30. Let p be d(5). What is the highest common divisor of p and 25?
25
Suppose -2*v + 311 = -v + 2*x, v - 326 = x. Suppose -4*c + 7 + v = 4*q, -q = 3*c - 78. Suppose 16*a - 18*a = -q. Calculate the highest common factor of a and 6.
6
Suppose o = l + 46 - 70, 5*l + 3*o - 88 = 0. Calculate the greatest common factor of l and 2500.
20
Let f = 3 - 0. Suppose 5*l + 431 = f*u, -2*l + 5*l = 2*u - 289. What is the greatest common divisor of u and 19?
19
Let t be -1*2/3 + (-1674)/(-81). Suppose w + 1 = t. Calculate the greatest common factor of w and 19.
19
Let n be 14 - 0/(1 + -2). Let c = -12 + n. Let t be (-1)/2*c*-45. Calculate the highest common factor of t and 18.
9
Let j(n) = -n**2 + 11*n - 4. Let r be j(9). Suppose g + l = 11, -6*l + 16 = 2*g - 2*l. What is the highest common factor of r and g?
14
Let u = 18 - 22. Let m = -6 - u. Let o be ((-12)/m)/(5/30). What is the highest common divisor of o and 12?
12
Suppose 66*d = 923 + 4621. What is the highest common divisor of d and 140?
28
Let j(n) = -7*n**2 + 15*n - 23. Let v(d) = d**2 - d + 1. Let t(h) = -j(h) - 6*v(h). Let u be t(7). Calculate the highest common factor of u and 12.
3
Let g = 70 + -45. Suppose -4*o - 3*y = -68, -72 = -4*o - 4*y + 2*y. Suppose 0 = 4*w - w, 4*z = 3*w + o. What is the highest common divisor of z and g?
5
Suppose -5*n = -5*s - 7*n + 104, -5*n = -2*s + 59. What is the highest common divisor of s and 154?
22
Let r be 24/(-36) - 11/(-3). Let b(w) = -2 - w**r + w**2 + 2*w + w**3 - 5*w**3. Let c be b(-3). What is the highest common divisor of c and 17?
17
Let p be (-40)/(-260) + (-3365)/(-13). What is the highest common factor of 74 and p?
37
Let m = 14 - 18. Let g be m/16 - (-2)/8. Suppose 5*p + 86 = 4*h, g = -0*h + 3*h + 3*p - 78. Calculate the highest common divisor of 12 and h.
12
Suppose 1217 + 1003 = 12*u. What is the highest common factor of u and 296?
37
Suppose m - 98 = -5*q + 161, -4*m = -4*q + 212. Calculate the highest common factor of 4 and q.
4
Let j(o) = o**2 + 20*o + 14. Let c be j(0). Calculate the greatest common divisor of c and 1120.
14
Let m(u) = 2*u - 5. Let v be 2 - (-5 + -1 + -2). Let o be m(v). Calculate the highest common divisor of 20 and o.
5
Let h be (-189)/(-21)*(-36)/(-4). What is the highest common factor of 3 and h?
3
Suppose -4*o + h = o - 28, -20 = -5*o + 5*h. Suppose 130 + 2 = o*l. What is the highest common divisor of 77 and l?
11
Let k(y) = y**3 - 4*y**2 - 4*y. Let q be k(5). Let r = 51 + q. What is the highest common factor of 14 and r?
14
Let t be -154 - (-1)/(1 - 0). Let o = 179 + t. Calculate the greatest common factor of o and 143.
13
Let t be (-3)/12 - 31/4. Let p = t - -10. Suppose -5*k - 5*j = -j - 50, 3*j = -p*k + 27. Calculate the highest common divisor of 30 and k.
6
Let l be 1 + 3/(-4) + 3197/92. Calculate the greatest common factor of 245 and l.
35
Let f = -108 + 129. Calculate the greatest common factor of 357 and f.
21
Let r = -568 - -924. Suppose 3*k - 355 = 5*g, -k - 2*k + 4*g = -r. Calculate the highest common divisor of 24 and k.
24
Let j(s) = 4*s - 5. Let b be j(5). Let v = 48 + -42. Suppose -v = 5*r - 21. Calculate the highest common factor of r and b.
3
Let n = 2 - -11. Suppose 9*p - n*p = -52. Calculate the highest common factor of p and 26.
13
Suppose -4*g + 3*n = -23, -10 = 3*n - n. Suppose 0 = 3*z + g*j + 2*j + 13, -4*z = j. Calculate the greatest common factor of z and 4.
1
Suppose 2*l - 2*c = 3*l + 54, 4*l = -5*c - 219. Let q = l - -85. What is the highest common divisor of 319 and q?
29
Suppose -2*b = 2 - 0. Let z be 18/(-9) - (-136 + b). Calculate the highest common divisor of z and 27.
27
Suppose 4*t - 3*x - 17 = 0, -4*t + 4 + 7 = -x. Suppose -49 - 11 = -5*a. Let r be (a + -4)/(t/6). What is the greatest common divisor of r and 36?
12
Let u(j) = -31*j - 4. Let n be (-13 - -1)*1/2. Let d be u(n). Suppose 3*g + 5*a - d = 98, -a - 335 = -4*g. What is the highest common divisor of 17 and g?
17
Suppose u - 115 + 3 = 0. What is the greatest common factor of 140 and u?
28
Let i be (30/(-35))/(1/7). Let y(g) = -g**2 - 9*g - 2. Let t be y(i). Let p = 26 - t. Calculate the highest common divisor of 4 and p.
2
Suppose 7*h = 78 + 13. Calculate the greatest common divisor of 91 and h.
13
Let c = -6 + 12. Let r(v) = 21*v - 16. Let u be r(c). Let p(b) = b**2 + b - 2. Let n be p(3). Calculate the highest common divisor of u and n.
10
Suppose 2*d = 16 - 18. Let v be 17 + (d + -3 - 0). Calculate the highest common factor of 91 and v.
13
Let s(i) = -15*i - 42*i**2 + 43*i**2 + 21*i - 9. Suppose -24 - 12 = 4*a. Let w be s(a). Calculate the highest common divisor of 198 and w.
18
Let q = 243 - 234. What is the greatest common divisor of q and 48?
3
Suppose 3*h - 9 = -4*j - 34, -2*j = h + 13. Let r = 9 + j. Calculate the greatest common divisor of r and 8.
2
Suppose 35*a + 265 - 1105 = 0. Calculate the greatest common factor of a and 6.
6
Let a be 57/1026 + 3598/36. Calculate the highest common divisor of a and 70.
10
Suppose -3*z + 25 = -20. What is the highest common factor of z and 10?
5
Let j be 12/21 + (-2225)/35. Let t = -19 - j. What is the greatest common factor of t and 66?
22
Suppose 846 - 126 = 20*m + 10*m. Let h(v) = 24*v**2. Let j be h(3). Calculate the greatest common factor of j and m.
24
Let m(b) = 7*b**2 + 9*b. Let n be m(-6). Suppose -55 = -o + n. Suppose 0 = -t - 7 + 30. Calculate the highest common divisor of o and t.
23
Let h = -22 - -31. Suppose 14 = -4*g - 2*w, 0*g - 5*g + 3*w - 34 = 0. Let s be (3 + -8)*9/g. Calculate the highest common factor of s and h.
9
Let x be 8*((-1)/2 + 1) + 15. What is the highest common factor of 1 and x?
1
Let s be 8 + (16/(-8) - -534). Calculate the greatest common factor of s and 24.
12
Suppose m + 3*m = 3*k - 326, 0 = 4*k + 4*m - 388. Calculate the highest common divisor of 255 and k.
51
Suppose -12*i + 21000 = 9*i. What is the highest common factor of 50 and i?
50
Let w = -1077 + 1142. Let o(p) = 25*p + 1. Let h be o(1). Calculate the greatest common factor of w and h.
13
Let m be 5/(-2)*(-174)/15. Let z = -8 + m. Let o = -15 + z. Calculate the greatest common divisor of o and 66.
6
Let x = -633 + 675. What is the highest common factor of x and 448?
14
Suppose -5*b = -4*v + 3, -4*v + v + 10 = 4*b. What is the greatest common factor of 409 and b?
1
Let x = 116 + 23. Let l = -110 + x. Calculate the greatest common factor of l and 87.
29
Let i be 35/(-7)*(-33)/15. Suppose -i*o + 7*o = -56. What is the highest common divisor of 126 and o?
14
Let q be (1/(5/(-12)))/((-6)/(-30)). Let r be ((-80)/q)/(-5)*(-18)/4. What is the greatest common factor of r and 15?
3
Let s be 5 - 1649/(-3) - 6/9. Suppose 4*i = -2*x + 740, i + x = -2*i + s. What is the highest common divisor of i and 23?
23
Let u = 11 + -2. Suppose -267 + 371 = 52*k. Calculate the highest common factor of k and u.
1
Suppose 4*y + 100 = 7*a - 5*a, 5*a = 2*y +